{"id":289,"date":"2021-05-27T20:50:42","date_gmt":"2021-05-27T23:50:42","guid":{"rendered":"http:\/\/panmetal.com.br\/site2021\/?page_id=289"},"modified":"2026-03-11T13:17:02","modified_gmt":"2026-03-11T16:17:02","slug":"contato","status":"publish","type":"page","link":"https:\/\/panmetal.com.br\/?page_id=289","title":{"rendered":"Contato"},"content":{"rendered":"\n<div class=\"alignfull\"><div id=\"metaslider-id-238\" style=\"width: 100%;\" class=\"ml-slider-3-104-0 metaslider metaslider-nivo metaslider-238 ml-slider ms-theme-default\" role=\"region\" aria-label=\"Localiza\u00e7\u00e3o\">\n    <div id=\"metaslider_container_238\">\n        <div class='slider-wrapper theme-default'><div class='ribbon'><\/div><div id='metaslider_238' class='nivoSlider'><img loading=\"lazy\" decoding=\"async\" src=\"https:\/\/panmetal.com.br\/wp-content\/uploads\/2022\/02\/bg-contato-0x0.jpg\" height=\"0\" width=\"0\" title=\"bg-contato\" alt=\"\" class=\"slider-238 slide-241 msDefaultImage\" \/><\/div><\/div>\n        \n    <\/div>\n<\/div><\/div>\n\n\n\n<div style=\"height:35px\" aria-hidden=\"true\" class=\"wp-block-spacer\"><\/div>\n\n\n\n<div class=\"wp-block-columns contato-stage is-layout-flex wp-container-core-columns-is-layout-9d6595d7 wp-block-columns-is-layout-flex\">\n<div class=\"wp-block-column is-layout-flow wp-block-column-is-layout-flow\">\n<h2 class=\"wp-block-heading h2-padrao\" id=\"h-contato\">CONTATO<\/h2>\n\n\n\n<p><strong><span style=\"color:#0e184c\" class=\"has-inline-color\">LOCALIZA\u00c7\u00c3O<\/span><\/strong><br>Av. <span style=\"color:#0e184c\" class=\"has-inline-color\">Eurico <\/span>Ambrogi Santos, 1300 <br>Jardim Santa Teresa<br>Taubat\u00e9 &#8211; SP, 12042-010<\/p>\n\n\n\n<div class=\"wp-block-group is-nowrap is-layout-flex wp-container-core-group-is-layout-ad2f72ca wp-block-group-is-layout-flex\">\n<p><a href=\"http:\/\/+55 (12) 3627-0000\">+55 (12) 3627-0000 <\/a><br><\/p>\n\n\n\n<a href=\"https:\/\/wa.me\/5512991038790\" target=\"_blank\" style=\"text-decoration:none; display:flex; align-items:center; gap:6px;\">\n  <img loading=\"lazy\" decoding=\"async\" \n    src=\"https:\/\/upload.wikimedia.org\/wikipedia\/commons\/6\/6b\/WhatsApp.svg\" \n    alt=\"WhatsApp\" \n    width=\"18\" \n    height=\"18\"\n  >\n<\/a>\n\n\n\n<p><a href=\"https:\/\/wa.link\/w08wh1\" target=\"_blank\" rel=\"noreferrer noopener\">+55 (12) 99103-8790<\/a><br><\/p>\n<\/div>\n<\/div>\n\n\n\n<div class=\"wp-block-column is-layout-flow wp-block-column-is-layout-flow\">\n<h2 class=\"wp-block-heading h2-padrao\" id=\"h-mande-uma-mensagem\">MANDE UMA MENSAGEM<\/h2>\n\n\n\n<ul class=\"wp-block-list\">\n<li><a href=\"mailto:comercial@panmetal.com.br\" target=\"_blank\" rel=\"noreferrer noopener\">comercial@panmetal.com.br<\/a><\/li>\n<\/ul>\n<\/div>\n<\/div>\n\n\n\n<div class=\"wp-block-columns is-layout-flex wp-container-core-columns-is-layout-9d6595d7 wp-block-columns-is-layout-flex\">\n<div class=\"wp-block-column is-layout-flow wp-block-column-is-layout-flow\">\n<iframe src=\"https:\/\/www.google.com\/maps\/embed?pb=!1m18!1m12!1m3!1d3671.492079969075!2d-45.62186047302391!3d-23.04241438289706!2m3!1f0!2f0!3f0!3m2!1i1024!2i768!4f13.1!3m3!1m2!1s0x94cc57b5230bc5a3%3A0xb154f1b799898386!2sAv.%20Eurico%20Ambrogi%20Santos%2C%201300%20-%20Jardim%20Santa%20Teresa%2C%20Taubat%C3%A9%20-%20SP%2C%2012043-000!5e0!3m2!1spt-BR!2sbr!4v1622160352411!5m2!1spt-BR!2sbr\" width=\"100%\" height=\"450\" style=\"border:0;\" allowfullscreen=\"\" loading=\"lazy\"><\/iframe>\n<\/div>\n<\/div>\n\n\n\n<div style=\"height:15px\" aria-hidden=\"true\" class=\"wp-block-spacer\"><\/div>\n\n\n\n<div class=\"wp-block-columns pilares-compliance-stage is-layout-flex wp-container-core-columns-is-layout-9d6595d7 wp-block-columns-is-layout-flex\">\n<div class=\"wp-block-column is-layout-flow wp-block-column-is-layout-flow\">\n<div class=\"wp-block-buttons margin0-botao is-layout-flex wp-block-buttons-is-layout-flex\">\n<div class=\"wp-block-button botao-padrao botao-compliance\"><a class=\"wp-block-button__link wp-element-button\" href=\"http:\/\/panmetal.com.br\/wp-content\/uploads\/2022\/03\/TERMOS-DE-USO-E-SERVICO-SITE-PAN-METAL.pdf\" target=\"_blank\" rel=\"noreferrer noopener\">TERMOS DE USO<\/a><\/div>\n<\/div>\n<\/div>\n\n\n\n<div class=\"wp-block-column is-layout-flow wp-block-column-is-layout-flow\">\n<div class=\"wp-block-buttons margin0-botao is-content-justification-right is-layout-flex wp-container-core-buttons-is-layout-765c4724 wp-block-buttons-is-layout-flex\">\n<div class=\"wp-block-button botao-compliance\"><a class=\"wp-block-button__link wp-element-button\" href=\"http:\/\/panmetal.com.br\/wp-content\/uploads\/2022\/03\/POLITICA-DE-PRIVACIDADE-SITE-PAN-METAL.pdf\" target=\"_blank\" rel=\"noreferrer noopener\">POL\u00cdTICA DE PRIVACIDADE<\/a><\/div>\n<\/div>\n<\/div>\n<\/div>\n\n\n\n<div class=\"wp-block-columns pilares-compliance-stage is-layout-flex wp-container-core-columns-is-layout-9d6595d7 wp-block-columns-is-layout-flex\">\n<div class=\"wp-block-column is-layout-flow wp-block-column-is-layout-flow\">\n<div class=\"wp-block-buttons margin0-botao is-content-justification-center is-layout-flex wp-container-core-buttons-is-layout-16018d1d wp-block-buttons-is-layout-flex\">\n<div class=\"wp-block-button botao-compliance\"><a class=\"wp-block-button__link wp-element-button\" href=\"https:\/\/panmetal.com.br\/wp-content\/uploads\/2024\/10\/Codigo_de_Etica_e_Conduta.pdf\" target=\"_blank\" rel=\"noreferrer noopener\">C\u00d3DIGO DE \u00c9TICA E CONDUTA DA PAN-METAL<\/a><\/div>\n<\/div>\n<\/div>\n<\/div>\n","protected":false},"excerpt":{"rendered":"<p>CONTATO LOCALIZA\u00c7\u00c3OAv. Eurico Ambrogi Santos, 1300 Jardim Santa TeresaTaubat\u00e9 &#8211; SP, 12042-010 +55 (12) 3627-0000 +55 (12) 99103-8790 MANDE UMA MENSAGEM<\/p>\n","protected":false},"author":1,"featured_media":0,"parent":0,"menu_order":0,"comment_status":"closed","ping_status":"closed","template":"","meta":{"footnotes":""},"class_list":["post-289","page","type-page","status-publish","hentry","entry"],"yoast_head":"<!-- This site is optimized with the Yoast SEO Premium plugin v26.7 (Yoast SEO v26.8) - https:\/\/yoast.com\/product\/yoast-seo-premium-wordpress\/ -->\n<title>Contato | PAN-METAL<\/title>\n<meta name=\"robots\" content=\"index, follow, max-snippet:-1, max-image-preview:large, max-video-preview:-1\" \/>\n<link rel=\"canonical\" href=\"https:\/\/panmetal.com.br\/?page_id=289\" \/>\n<meta property=\"og:locale\" content=\"pt_BR\" \/>\n<meta property=\"og:type\" content=\"article\" \/>\n<meta property=\"og:title\" content=\"Contato\" \/>\n<meta property=\"og:description\" content=\"CONTATO LOCALIZA\u00c7\u00c3OAv. Eurico Ambrogi Santos, 1300 Jardim Santa TeresaTaubat\u00e9 &#8211; SP, 12042-010 +55 (12) 3627-0000 +55 (12) 99103-8790 MANDE UMA MENSAGEM\" \/>\n<meta property=\"og:url\" content=\"https:\/\/panmetal.com.br\/?page_id=289\" \/>\n<meta property=\"og:site_name\" content=\"PAN-METAL\" \/>\n<meta property=\"article:modified_time\" content=\"2026-03-11T16:17:02+00:00\" \/>\n<meta property=\"og:image\" content=\"https:\/\/upload.wikimedia.org\/wikipedia\/commons\/6\/6b\/WhatsApp.svg\" \/>\n<meta name=\"twitter:card\" content=\"summary_large_image\" \/>\n<meta name=\"twitter:label1\" content=\"Est. tempo de leitura\" \/>\n\t<meta name=\"twitter:data1\" content=\"1 minuto\" \/>\n<script type=\"application\/ld+json\" class=\"yoast-schema-graph\">{\"@context\":\"https:\/\/schema.org\",\"@graph\":[{\"@type\":\"WebPage\",\"@id\":\"https:\/\/panmetal.com.br\/?page_id=289\",\"url\":\"https:\/\/panmetal.com.br\/?page_id=289\",\"name\":\"Contato | PAN-METAL\",\"isPartOf\":{\"@id\":\"https:\/\/panmetal.com.br\/#website\"},\"primaryImageOfPage\":{\"@id\":\"https:\/\/panmetal.com.br\/?page_id=289#primaryimage\"},\"image\":{\"@id\":\"https:\/\/panmetal.com.br\/?page_id=289#primaryimage\"},\"thumbnailUrl\":\"https:\/\/upload.wikimedia.org\/wikipedia\/commons\/6\/6b\/WhatsApp.svg\",\"datePublished\":\"2021-05-27T23:50:42+00:00\",\"dateModified\":\"2026-03-11T16:17:02+00:00\",\"breadcrumb\":{\"@id\":\"https:\/\/panmetal.com.br\/?page_id=289#breadcrumb\"},\"inLanguage\":\"pt-BR\",\"potentialAction\":[{\"@type\":\"ReadAction\",\"target\":[\"https:\/\/panmetal.com.br\/?page_id=289\"]}]},{\"@type\":\"ImageObject\",\"inLanguage\":\"pt-BR\",\"@id\":\"https:\/\/panmetal.com.br\/?page_id=289#primaryimage\",\"url\":\"https:\/\/upload.wikimedia.org\/wikipedia\/commons\/6\/6b\/WhatsApp.svg\",\"contentUrl\":\"https:\/\/upload.wikimedia.org\/wikipedia\/commons\/6\/6b\/WhatsApp.svg\"},{\"@type\":\"BreadcrumbList\",\"@id\":\"https:\/\/panmetal.com.br\/?page_id=289#breadcrumb\",\"itemListElement\":[{\"@type\":\"ListItem\",\"position\":1,\"name\":\"Home\",\"item\":\"https:\/\/panmetal.com.br\/\"},{\"@type\":\"ListItem\",\"position\":2,\"name\":\"Contato\"}]},{\"@type\":\"WebSite\",\"@id\":\"https:\/\/panmetal.com.br\/#website\",\"url\":\"https:\/\/panmetal.com.br\/\",\"name\":\"PAN-METAL\",\"description\":\"\",\"publisher\":{\"@id\":\"https:\/\/panmetal.com.br\/#organization\"},\"potentialAction\":[{\"@type\":\"SearchAction\",\"target\":{\"@type\":\"EntryPoint\",\"urlTemplate\":\"https:\/\/panmetal.com.br\/?s={search_term_string}\"},\"query-input\":{\"@type\":\"PropertyValueSpecification\",\"valueRequired\":true,\"valueName\":\"search_term_string\"}}],\"inLanguage\":\"pt-BR\"},{\"@type\":\"Organization\",\"@id\":\"https:\/\/panmetal.com.br\/#organization\",\"name\":\"PAN-METAL\",\"url\":\"https:\/\/panmetal.com.br\/\",\"logo\":{\"@type\":\"ImageObject\",\"inLanguage\":\"pt-BR\",\"@id\":\"https:\/\/panmetal.com.br\/#\/schema\/logo\/image\/\",\"url\":\"https:\/\/panmetal.com.br\/wp-content\/uploads\/2021\/05\/logo-pan-metal-taubate.png\",\"contentUrl\":\"https:\/\/panmetal.com.br\/wp-content\/uploads\/2021\/05\/logo-pan-metal-taubate.png\",\"width\":264,\"height\":180,\"caption\":\"PAN-METAL\"},\"image\":{\"@id\":\"https:\/\/panmetal.com.br\/#\/schema\/logo\/image\/\"}}]}<\/script>\n<!-- \/ Yoast SEO Premium plugin. -->","yoast_head_json":{"title":"Contato | PAN-METAL","robots":{"index":"index","follow":"follow","max-snippet":"max-snippet:-1","max-image-preview":"max-image-preview:large","max-video-preview":"max-video-preview:-1"},"canonical":"https:\/\/panmetal.com.br\/?page_id=289","og_locale":"pt_BR","og_type":"article","og_title":"Contato","og_description":"CONTATO LOCALIZA\u00c7\u00c3OAv. Eurico Ambrogi Santos, 1300 Jardim Santa TeresaTaubat\u00e9 &#8211; SP, 12042-010 +55 (12) 3627-0000 +55 (12) 99103-8790 MANDE UMA MENSAGEM","og_url":"https:\/\/panmetal.com.br\/?page_id=289","og_site_name":"PAN-METAL","article_modified_time":"2026-03-11T16:17:02+00:00","og_image":[{"url":"https:\/\/upload.wikimedia.org\/wikipedia\/commons\/6\/6b\/WhatsApp.svg","type":"","width":"","height":""}],"twitter_card":"summary_large_image","twitter_misc":{"Est. tempo de leitura":"1 minuto"},"schema":{"@context":"https:\/\/schema.org","@graph":[{"@type":"WebPage","@id":"https:\/\/panmetal.com.br\/?page_id=289","url":"https:\/\/panmetal.com.br\/?page_id=289","name":"Contato | PAN-METAL","isPartOf":{"@id":"https:\/\/panmetal.com.br\/#website"},"primaryImageOfPage":{"@id":"https:\/\/panmetal.com.br\/?page_id=289#primaryimage"},"image":{"@id":"https:\/\/panmetal.com.br\/?page_id=289#primaryimage"},"thumbnailUrl":"https:\/\/upload.wikimedia.org\/wikipedia\/commons\/6\/6b\/WhatsApp.svg","datePublished":"2021-05-27T23:50:42+00:00","dateModified":"2026-03-11T16:17:02+00:00","breadcrumb":{"@id":"https:\/\/panmetal.com.br\/?page_id=289#breadcrumb"},"inLanguage":"pt-BR","potentialAction":[{"@type":"ReadAction","target":["https:\/\/panmetal.com.br\/?page_id=289"]}]},{"@type":"ImageObject","inLanguage":"pt-BR","@id":"https:\/\/panmetal.com.br\/?page_id=289#primaryimage","url":"https:\/\/upload.wikimedia.org\/wikipedia\/commons\/6\/6b\/WhatsApp.svg","contentUrl":"https:\/\/upload.wikimedia.org\/wikipedia\/commons\/6\/6b\/WhatsApp.svg"},{"@type":"BreadcrumbList","@id":"https:\/\/panmetal.com.br\/?page_id=289#breadcrumb","itemListElement":[{"@type":"ListItem","position":1,"name":"Home","item":"https:\/\/panmetal.com.br\/"},{"@type":"ListItem","position":2,"name":"Contato"}]},{"@type":"WebSite","@id":"https:\/\/panmetal.com.br\/#website","url":"https:\/\/panmetal.com.br\/","name":"PAN-METAL","description":"","publisher":{"@id":"https:\/\/panmetal.com.br\/#organization"},"potentialAction":[{"@type":"SearchAction","target":{"@type":"EntryPoint","urlTemplate":"https:\/\/panmetal.com.br\/?s={search_term_string}"},"query-input":{"@type":"PropertyValueSpecification","valueRequired":true,"valueName":"search_term_string"}}],"inLanguage":"pt-BR"},{"@type":"Organization","@id":"https:\/\/panmetal.com.br\/#organization","name":"PAN-METAL","url":"https:\/\/panmetal.com.br\/","logo":{"@type":"ImageObject","inLanguage":"pt-BR","@id":"https:\/\/panmetal.com.br\/#\/schema\/logo\/image\/","url":"https:\/\/panmetal.com.br\/wp-content\/uploads\/2021\/05\/logo-pan-metal-taubate.png","contentUrl":"https:\/\/panmetal.com.br\/wp-content\/uploads\/2021\/05\/logo-pan-metal-taubate.png","width":264,"height":180,"caption":"PAN-METAL"},"image":{"@id":"https:\/\/panmetal.com.br\/#\/schema\/logo\/image\/"}}]}},"lang":"pt","translations":{"pt":289},"pll_sync_post":[],"_links":{"self":[{"href":"https:\/\/panmetal.com.br\/index.php?rest_route=\/wp\/v2\/pages\/289","targetHints":{"allow":["GET"]}}],"collection":[{"href":"https:\/\/panmetal.com.br\/index.php?rest_route=\/wp\/v2\/pages"}],"about":[{"href":"https:\/\/panmetal.com.br\/index.php?rest_route=\/wp\/v2\/types\/page"}],"author":[{"embeddable":true,"href":"https:\/\/panmetal.com.br\/index.php?rest_route=\/wp\/v2\/users\/1"}],"replies":[{"embeddable":true,"href":"https:\/\/panmetal.com.br\/index.php?rest_route=%2Fwp%2Fv2%2Fcomments&post=289"}],"version-history":[{"count":42,"href":"https:\/\/panmetal.com.br\/index.php?rest_route=\/wp\/v2\/pages\/289\/revisions"}],"predecessor-version":[{"id":2595,"href":"https:\/\/panmetal.com.br\/index.php?rest_route=\/wp\/v2\/pages\/289\/revisions\/2595"}],"wp:attachment":[{"href":"https:\/\/panmetal.com.br\/index.php?rest_route=%2Fwp%2Fv2%2Fmedia&parent=289"}],"curies":[{"name":"wp","href":"https:\/\/api.w.org\/{rel}","templated":true}]}}